 What are the prime factors of t?
2, 3, 173
Let i(m) be the first derivative of 3*m**5/40 - m**4/6 - m**3 + 1. Let d(b) be the third derivative of i(b). What are the prime factors of d(4)?
2
Let s(j) = 3*j**2 - 6 + 5*j + 4 + 4 + 1. Let n(d) = d - 6. Let p be n(3). What are the prime factors of s(p)?
3, 5
Suppose -7*y = -4*y, -5*q - 4*y + 6295 = 0. List the prime factors of q.
1259
Let l(n) = -n**2 + 20*n + 4. Let o be -3 + 12*(-12)/(-8). List the prime factors of l(o).
79
Suppose -24*f = -23*f. Suppose f = y + 2*x - x - 58, -2*x = -2*y + 116. List the prime factors of y.
2, 29
Let z(l) be the third derivative of 11*l**5/30 + l**4/24 + l**3/3 + 10*l**2. List the prime factors of z(-2).
2, 11
Let d(j) be the first derivative of -j**2/2 + 2*j - 1. Suppose 4*f - 7 + 35 = 0. What are the prime factors of d(f)?
3
Suppose -l - 2 + 1 = -2*n, -4*n - 3*l = -17. Suppose -v = -n*v + 76. List the prime factors of v.
2, 19
Let a(m) = m**2 - 5*m + 8. Let c be (-12)/16*4*-2. What are the prime factors of a(c)?
2, 7
Let q(j) = 4*j - 70. Let f be q(18). Suppose -z + f*z + 201 = n, 0 = z - 3. What are the prime factors of n?
2, 3, 17
Let k(t) = 0 - 8*t - 1 + 4. What are the prime factors of k(-6)?
3, 17
Let w = 528 - 374. List the prime factors of w.
2, 7, 11
Suppose 0 = 65*d + 2*d - 68139. What are the prime factors of d?
3, 113
Let o = 4439 - 2399. What are the prime factors of o?
2, 3, 5, 17
Let a be (1/(-3))/((-2)/60). Let c = 30 - a. List the prime factors of c.
2, 5
Let v = -1952 - -1954. What are the prime factors of v?
2
Let i(v) = -v**3 + 4*v**2 + 6*v + 8. Let t be i(-4). Suppose 5*p - s - t = 150, 4*p - 3*s = 214. List the prime factors of p.
2, 13
Suppose 8 = 2*t, 5*t + 70 + 358 = 2*b. What are the prime factors of b?
2, 7
Suppose 5*c - 1720 = -5*n + 3*c, 4*c + 664 = 2*n. List the prime factors of n.
2, 3, 19
Let b be (-4 + 6 + -2)/1. Suppose 16*w - 20*w + 56 = b. List the prime factors of w.
2, 7
Suppose -5*o + 150 = -0*o. List the prime factors of ((-448)/(-35))/(4/o).
2, 3
Suppose -n + 3*f = -7, -5*f + 0*f + 14 = 2*n. Suppose 25 = -4*c + 2*z - n*z, 5*z + 25 = 2*c. Suppose c = 4*x - 0*x - 64. What are the prime factors of x?
2
Let t be 3/(-7) + (-988)/(-133). Let n(k) = -k**2 + 9*k + 6. Let z be n(t). Suppose -4*u - 17 = -3*o + 5, 4*o = -4*u + z. What are the prime factors of o?
2, 3
Suppose 0 = 5*n + 3*b - 26, -2*b = 4*n - 4*b - 12. Suppose -w - 4 = -3*u + 14, 4*w - n*u + 32 = 0. List the prime factors of 86/6 + 1/w.
2, 7
Let n = -1111 - -2151. List the prime factors of n.
2, 5, 13
Let t(l) = l**2 + 12*l + 15. Let b be t(-11). What are the prime factors of -144*(b/(-8) - 1)?
2, 3
Let v(b) = 254*b - 342. What are the prime factors of v(12)?
2, 3, 11, 41
What are the prime factors of (16/36)/((-34)/(-98991))?
2, 647
Let b(v) = v**2 + 6*v - 11. Let j be b(-8). Suppose 2*u - j*x + 15 = u, 4*x = 5*u + 75. List the prime factors of ((-76)/6)/(10/u).
19
Let x(l) be the first derivative of l**4/4 - 7*l**3/3 + l**2 - 3*l + 3. Let y be x(7). Suppose 4*w + 3 = y. List the prime factors of w.
2
What are the prime factors of (-8 + (-20423)/52)/((-2)/8)?
7, 229
Suppose 1111 - 5374 = -21*n. Let q = 356 - n. What are the prime factors of q?
3, 17
Let x be -4 + 0 + -9 - -4. Suppose 4*l - 46 = 2*l. Let i = l + x. List the prime factors of i.
2, 7
Suppose -3*a - a = 96. Let l be 14/(-4)*a/14. Suppose 80 = -c + l*c. List the prime factors of c.
2
Suppose 4*m - 2*k + 0 = -6, -4*k = -4. Let i be 0/(m + -3) + 3. Suppose 2*a + 76 = 3*t, t + 2*a + 50 = i*t. What are the prime factors of t?
2, 13
Suppose -3 = 21*f - 20*f. What are the prime factors of (316/f)/(4/(-6))?
2, 79
Let y(i) = 39 + 8 + 3*i - 11. What are the prime factors of y(0)?
2, 3
Suppose v - 12 = -4*q, -v - q = -2*q - 2. Let g(p) = p**2 + 14*p + 26. Let y be g(-12). Suppose -56 = -v*c + y*c. What are the prime factors of c?
2, 7
Let s(c) = -3*c - 2*c + c**2 + 34 - 51. List the prime factors of s(-15).
283
Suppose -5*u + 499 = -4*r, -3*u = -0*r - 3*r - 297. Suppose 0 = -4*y - b + 175, 2*y - 4*b - u = 7. List the prime factors of y.
3, 5
Let h(i) = -i**2 + 6*i + 3. Let b(a) = -7*a - 1. Let n be b(-1). Let z be h(n). Suppose 5*u - 190 = -m, 0 = z*m + 2*m. List the prime factors of u.
2, 19
Suppose 2373 = 62*v - 55*v. What are the prime factors of v?
3, 113
Let u(c) = 4*c**2 + 1. Let h be u(-1). Suppose h*g + 214 = 3*n, 25 = n + 5*g - 13. List the prime factors of n.
3, 7
Let z(l) = l**3 - 34*l**2 + 37*l - 43. List the prime factors of z(35).
2477
Let c(m) = 2*m + 4. Let h be c(0). Let v(u) = 3*u - h*u + 4*u - 12. List the prime factors of v(10).
2, 3
Let o(y) = -43*y - 1. Suppose 3*u + 8 = 2. What are the prime factors of o(u)?
5, 17
Suppose -12 = 2*q + 4. Let s = q + 12. Suppose -2*m - s*k + 52 = 0, -3*m + 0*m - 2*k + 94 = 0. What are the prime factors of m?
2, 17
Let f = -16 - -19. Suppose -f*k = -14 - 31. Let b = k + -2. What are the prime factors of b?
13
Suppose 0 = -5*o - 9 - 36. List the prime factors of 159*(-3)/o - -4.
3, 19
Suppose -2*p + 3*p + 2 = 0. Let t be ((-1)/p)/(8/(-496)). Let x = t + 51. List the prime factors of x.
2, 5
Let w be (-75)/6*(-12)/30. Suppose -2*d = 3*d - 10. Suppose d*o - 69 = 3*c, -3*c + 201 = w*o - c. List the prime factors of o.
3, 13
Suppose -15*f - 25*f + 128200 = 0. What are the prime factors of f?
5, 641
Suppose 0 = -4*o + 2*o - 14. Let t(g) = g**3 + 9*g**2 - 4*g - 2. Let v be t(o). Suppose -2*z - 2*z + v = 0. List the prime factors of z.
31
Let q(j) = -j**2 + 133*j + 83. What are the prime factors of q(59)?
3, 1483
Let v(u) = 6*u - 5. Let p be v(18). Let m = 294 - p. List the prime factors of m.
191
Suppose -3066 = -8*t - 794. Let f = -184 + t. What are the prime factors of f?
2, 5
Let w = 6 - 1. Suppose -4 - 11 = -w*t. List the prime factors of ((-44)/(-12))/(1/t).
11
Let r = 16 - 10. Suppose 0 = -r*b + 10*b + 148. Let w = -13 - b. List the prime factors of w.
2, 3
Let d(i) be the third derivative of -i**4/3 + 7*i**3 + 37*i**2. What are the prime factors of d(-14)?
2, 7, 11
What are the prime factors of 2/4 - (-17290)/28?
2, 3, 103
Suppose -2*u - 46 = f + 30, 3*f + 228 = -3*u. Let m = 171 + f. What are the prime factors of m?
5, 19
Let h(i) = -13*i**2 + 4*i**2 + 8*i**2 + 22*i + 52. What are the prime factors of h(21)?
73
Suppose 6*x + 72 = 102. Suppose -2*f + 3*n + 10 = 0, 0 = -5*f + 2*f + 5*n + 15. Suppose x*o - 55 - 48 = 3*w, -f*w = -o + 3. What are the prime factors of o?
23
Suppose 4520 = 7*y + 3*y. What are the prime factors of y?
2, 113
Suppose -1125 + 4707 = 6*b. What are the prime factors of b?
3, 199
Let o(p) = 2*p**3 - 11*p**2 - 3*p + 10. Let h be (-1)/2*224/(-16). List the prime factors of o(h).
2, 17
List the prime factors of (-37854)/(-10) + (-2)/5.
5, 757
Let i(l) = 11*l**2 + 4*l + 7. Suppose w + 4*b - 13 = 0, -4*w - 5*b + 32 = -8*w. What are the prime factors of i(w)?
2, 47
Let n(k) = 3*k + 3. Let t be n(-2). Let m = 213 - 165. What are the prime factors of 2080/m + (-2)/t?
2, 11
Let x be 7 + -1 - 5/(-25)*0. Suppose -466 = -x*k + 38. What are the prime factors of k?
2, 3, 7
Suppose 5 = -3*k + 2*k. List the prime factors of k/(-20) - 430/(-8).
2, 3
Let b(i) = 2*i - 2. Let t be b(-3). Let p be (-42)/t - (-3)/(-12). Suppose 3*g - 34 = 2*u, -p*g + 3*u - 12 = -67. List the prime factors of g.
2
Let p = 18 + -16. Suppose -4*k = -p*i - 8*k + 10, -2 = 2*i - 2*k. Let m = 23 + i. List the prime factors of m.
2, 3
Let c be 4/2*134/4. Suppose 2*m = c + 17. Let i = 60 - m. What are the prime factors of i?
2, 3
Let g = 71 - 67. Let w(h) = h**3 + 6*h - 2. What are the prime factors of w(g)?
2, 43
Let v(b) = -322*b - 2. Let y be v(-5). Suppose y = 4*c + 8*c. List the prime factors of c.
2, 67
Let p be -2 + (-4 - (38 - 3)). Let n = 139 + p. List the prime factors of n.
2, 7
Let g = 4923 + -1766. List the prime factors of g.
7, 11, 41
Let y = -75 - -165. Let c = 131 - y. Suppose 5*d = 4 + c. What are the prime factors of d?
3
Suppose 9*c = 1 - 10. What are the prime factors of 2/4*(205 - c)?
103
Suppose 4*d + 7*i - 11*i - 924 = 0, 20 = 4*i. What are the prime factors of d?
2, 59
Let y be -1*(-2)/6*6. Suppose v + y*v - 39 = 0. Suppose -o + v + 26 = 0. What are the prime factors of o?
3, 13
What are the prime factors of (-31848)/(-20) - (-2)/10*-2?
2, 199
Let i(g) = -g**